[INFO] fetching crate blitter 0.6.0...
[INFO] checking blitter-0.6.0 against master#af3c6e733a40e671550e0f0f5aeecaa13772ba56 for pr-74989
[INFO] extracting crate blitter 0.6.0 into /workspace/builds/worker-4/source
[INFO] validating manifest of crates.io crate blitter 0.6.0 on toolchain af3c6e733a40e671550e0f0f5aeecaa13772ba56
[INFO] running `Command { std: "/workspace/cargo-home/bin/cargo" "+af3c6e733a40e671550e0f0f5aeecaa13772ba56" "read-manifest" "--manifest-path" "Cargo.toml", kill_on_drop: false }`
[INFO] started tweaking crates.io crate blitter 0.6.0
[INFO] finished tweaking crates.io crate blitter 0.6.0
[INFO] tweaked toml for crates.io crate blitter 0.6.0 written to /workspace/builds/worker-4/source/Cargo.toml
[INFO] crate crates.io crate blitter 0.6.0 already has a lockfile, it will not be regenerated
[INFO] running `Command { std: "/workspace/cargo-home/bin/cargo" "+af3c6e733a40e671550e0f0f5aeecaa13772ba56" "fetch" "--locked" "--manifest-path" "Cargo.toml", kill_on_drop: false }`
[INFO] running `Command { std: "docker" "create" "-v" "/var/lib/crater-agent-workspace/builds/worker-4/target:/opt/rustwide/target:rw,Z" "-v" "/var/lib/crater-agent-workspace/builds/worker-4/source:/opt/rustwide/workdir:ro,Z" "-v" "/var/lib/crater-agent-workspace/cargo-home:/opt/rustwide/cargo-home:ro,Z" "-v" "/var/lib/crater-agent-workspace/rustup-home:/opt/rustwide/rustup-home:ro,Z" "-e" "SOURCE_DIR=/opt/rustwide/workdir" "-e" "CARGO_TARGET_DIR=/opt/rustwide/target" "-e" "CARGO_HOME=/opt/rustwide/cargo-home" "-e" "RUSTUP_HOME=/opt/rustwide/rustup-home" "-w" "/opt/rustwide/workdir" "-m" "1610612736" "--user" "0:0" "--network" "none" "rustops/crates-build-env@sha256:d92eaeed33fa75130ca1ee6c8a01d1ffb62bac859dfdfb3450e3e5d1c0146529" "/opt/rustwide/cargo-home/bin/cargo" "+af3c6e733a40e671550e0f0f5aeecaa13772ba56" "metadata" "--no-deps" "--format-version=1", kill_on_drop: false }`
[INFO] [stdout] f0b149d24a94ed5c0ae72c556d2a4a67a3100b890a7d2ffb047b9f0357f65632
[INFO] [stderr] WARNING: Your kernel does not support swap limit capabilities or the cgroup is not mounted. Memory limited without swap.
[INFO] running `Command { std: "docker" "start" "-a" "f0b149d24a94ed5c0ae72c556d2a4a67a3100b890a7d2ffb047b9f0357f65632", kill_on_drop: false }`
[INFO] running `Command { std: "docker" "inspect" "f0b149d24a94ed5c0ae72c556d2a4a67a3100b890a7d2ffb047b9f0357f65632", kill_on_drop: false }`
[INFO] running `Command { std: "docker" "rm" "-f" "f0b149d24a94ed5c0ae72c556d2a4a67a3100b890a7d2ffb047b9f0357f65632", kill_on_drop: false }`
[INFO] [stdout] f0b149d24a94ed5c0ae72c556d2a4a67a3100b890a7d2ffb047b9f0357f65632
[INFO] running `Command { std: "docker" "create" "-v" "/var/lib/crater-agent-workspace/builds/worker-4/target:/opt/rustwide/target:rw,Z" "-v" "/var/lib/crater-agent-workspace/builds/worker-4/source:/opt/rustwide/workdir:ro,Z" "-v" "/var/lib/crater-agent-workspace/cargo-home:/opt/rustwide/cargo-home:ro,Z" "-v" "/var/lib/crater-agent-workspace/rustup-home:/opt/rustwide/rustup-home:ro,Z" "-e" "SOURCE_DIR=/opt/rustwide/workdir" "-e" "CARGO_TARGET_DIR=/opt/rustwide/target" "-e" "CARGO_INCREMENTAL=0" "-e" "RUST_BACKTRACE=full" "-e" "RUSTFLAGS=--cap-lints=forbid" "-e" "CARGO_HOME=/opt/rustwide/cargo-home" "-e" "RUSTUP_HOME=/opt/rustwide/rustup-home" "-w" "/opt/rustwide/workdir" "-m" "1610612736" "--user" "0:0" "--network" "none" "rustops/crates-build-env@sha256:d92eaeed33fa75130ca1ee6c8a01d1ffb62bac859dfdfb3450e3e5d1c0146529" "/opt/rustwide/cargo-home/bin/cargo" "+af3c6e733a40e671550e0f0f5aeecaa13772ba56" "check" "--frozen" "--all" "--all-targets" "--message-format=json", kill_on_drop: false }`
[INFO] [stderr] WARNING: Your kernel does not support swap limit capabilities or the cgroup is not mounted. Memory limited without swap.
[INFO] [stdout] 5c3625c3d8305c9547f02b4cd0122d41f0bc9cb9b87abdc6399d57c911d7bb29
[INFO] running `Command { std: "docker" "start" "-a" "5c3625c3d8305c9547f02b4cd0122d41f0bc9cb9b87abdc6399d57c911d7bb29", kill_on_drop: false }`
[INFO] [stderr]    Compiling libc v0.2.66
[INFO] [stderr]    Compiling proc-macro2 v1.0.8
[INFO] [stderr]    Compiling maybe-uninit v2.0.0
[INFO] [stderr]    Compiling xml-rs v0.8.0
[INFO] [stderr]    Compiling getrandom v0.1.14
[INFO] [stderr]    Compiling nix v0.15.0
[INFO] [stderr]     Checking ppv-lite86 v0.2.6
[INFO] [stderr]     Checking wayland-sys v0.24.1
[INFO] [stderr]     Checking spin v0.5.2
[INFO] [stderr]    Compiling cc v1.0.50
[INFO] [stderr]     Checking downcast-rs v1.1.1
[INFO] [stderr]     Checking remove_dir_all v0.5.2
[INFO] [stderr]     Checking lazy_static v1.4.0
[INFO] [stderr]     Checking blitter v0.6.0 (/opt/rustwide/workdir)
[INFO] [stderr]    Compiling x11-dl v2.18.5
[INFO] [stderr]     Checking bitflags v1.2.1
[INFO] [stderr]    Compiling cast v0.2.3
[INFO] [stderr]     Checking smallvec v0.6.13
[INFO] [stderr]     Checking c2-chacha v0.2.3
[INFO] [stderr]    Compiling quote v1.0.2
[INFO] [stderr]    Compiling wayland-scanner v0.24.1
[INFO] [stderr]    Compiling minifb v0.15.3
[INFO] [stderr]     Checking raw-window-handle v0.3.3
[INFO] [stderr]     Checking time v0.1.42
[INFO] [stderr]     Checking rand_core v0.5.1
[INFO] [stderr]     Checking rand_chacha v0.2.1
[INFO] [stderr]     Checking rand v0.7.3
[INFO] [stderr]    Compiling wayland-client v0.24.1
[INFO] [stderr]    Compiling wayland-protocols v0.24.1
[INFO] [stderr]     Checking tempfile v3.1.0
[INFO] [stderr]     Checking wayland-commons v0.24.1
[INFO] [stdout] error[E0433]: failed to resolve: use of undeclared type or module `PixelFormat`
[INFO] [stdout]   --> examples/minifb.rs:18:36
[INFO] [stdout]    |
[INFO] [stdout] 18 |     let png = from_png_file(&path, PixelFormat::Zrgb).unwrap();
[INFO] [stdout]    |                                    ^^^^^^^^^^^ use of undeclared type or module `PixelFormat`
[INFO] [stdout] 
[INFO] [stdout] 
[INFO] [stdout] error[E0425]: cannot find function `from_png_file` in this scope
[INFO] [stdout]   --> examples/minifb.rs:18:15
[INFO] [stdout]    |
[INFO] [stdout] 18 |     let png = from_png_file(&path, PixelFormat::Zrgb).unwrap();
[INFO] [stdout]    |               ^^^^^^^^^^^^^ not found in this scope
[INFO] [stdout] 
[INFO] [stdout] 
[INFO] [stdout] error[E0433]: failed to resolve: use of undeclared type or module `PixelFormat`
[INFO] [stdout]   --> examples/demo.rs:41:36
[INFO] [stdout]    |
[INFO] [stdout] 41 |     let png = from_png_file(&path, PixelFormat::Zrgb).unwrap();
[INFO] [stdout]    |                                    ^^^^^^^^^^^ use of undeclared type or module `PixelFormat`
[INFO] [stdout] 
[INFO] [stdout] 
[INFO] [stdout] error[E0425]: cannot find function `from_png_file` in this scope
[INFO] [stdout]   --> examples/demo.rs:41:15
[INFO] [stdout]    |
[INFO] [stdout] 41 |     let png = from_png_file(&path, PixelFormat::Zrgb).unwrap();
[INFO] [stdout]    |               ^^^^^^^^^^^^^ not found in this scope
[INFO] [stdout] 
[INFO] [stdout] 
[INFO] [stderr] error: could not compile `blitter`.
[INFO] [stdout] error: aborting due to 2 previous errors
[INFO] [stdout] 
[INFO] [stdout] 
[INFO] [stderr] 
[INFO] [stdout] Some errors have detailed explanations: E0425, E0433.
[INFO] [stdout] 
[INFO] [stderr] To learn more, run the command again with --verbose.
[INFO] [stdout] For more information about an error, try `rustc --explain E0425`.
[INFO] [stdout] 
[INFO] [stderr] warning: build failed, waiting for other jobs to finish...
[INFO] [stdout] error: aborting due to 2 previous errors
[INFO] [stdout] 
[INFO] [stdout] 
[INFO] [stdout] Some errors have detailed explanations: E0425, E0433.
[INFO] [stdout] 
[INFO] [stdout] For more information about an error, try `rustc --explain E0425`.
[INFO] [stdout] 
[INFO] [stderr] error: build failed
[INFO] running `Command { std: "docker" "inspect" "5c3625c3d8305c9547f02b4cd0122d41f0bc9cb9b87abdc6399d57c911d7bb29", kill_on_drop: false }`
[INFO] running `Command { std: "docker" "rm" "-f" "5c3625c3d8305c9547f02b4cd0122d41f0bc9cb9b87abdc6399d57c911d7bb29", kill_on_drop: false }`
[INFO] [stdout] 5c3625c3d8305c9547f02b4cd0122d41f0bc9cb9b87abdc6399d57c911d7bb29
